{"id":210,"date":"2021-01-20T18:19:33","date_gmt":"2021-01-20T18:19:33","guid":{"rendered":"https:\/\/wienerwaldfee.at\/?page_id=210"},"modified":"2021-04-02T11:06:14","modified_gmt":"2021-04-02T11:06:14","slug":"impressum","status":"publish","type":"page","link":"https:\/\/wienerwaldfee.at\/index.php\/impressum\/","title":{"rendered":"Impressum"},"content":{"rendered":"\n<p><strong>Offenlegung gem\u00e4\u00df <a href=\"https:\/\/www.ris.bka.gv.at\/Dokumente\/Bundesnormen\/NOR40134353\/NOR40134353.html\" target=\"_blank\" rel=\"noreferrer noopener\">\u00a7 25 Mediengesetz<\/a>:<\/strong><\/p>\n\n\n\n<p><strong>Medieninhaber und f\u00fcr den Inhalt verantwortlich:<\/strong><br>Ing.in Martina G\u00f6\u00df, 1230 Wien<\/p>\n\n\n\n<p><strong>Ausrichtung der Website:<\/strong><br>Privater, \u00f6sterreichischer Blog mit Themen wie Kochen, Naturheilkunde, Botanik, Kosmetik. <br>Es werden keine Health-Claims verbreitet, die nicht durch rechtswirksame Stellen verifiziert wurden (u.a. aber nicht nur: Europ\u00e4ische Beh\u00f6rden, \u00d6sterreichische Beh\u00f6rden und Kommissionen) &#8211; in diesem Fall wird die zust\u00e4ndige Stelle erw\u00e4hnt.<br>Die verbreiteten Inhalte dienen ausschlie\u00dflich der Information und keinem kommerziellen Zweck.<\/p>\n","protected":false},"excerpt":{"rendered":"<p>Offenlegung gem\u00e4\u00df \u00a7 25 Mediengesetz: Medieninhaber und f\u00fcr den Inhalt verantwortlich:Ing.in Martina G\u00f6\u00df, 1230 Wien Ausrichtung der Website:Privater, \u00f6sterreichischer Blog mit Themen wie Kochen, Naturheilkunde, Botanik, Kosmetik. Es werden keine Health-Claims verbreitet, die nicht durch rechtswirksame Stellen verifiziert wurden (u.a. aber nicht nur: Europ\u00e4ische Beh\u00f6rden, \u00d6sterreichische Beh\u00f6rden und Kommissionen) &#8211; in diesem Fall wird die&hellip; <a class=\"more-link\" href=\"https:\/\/wienerwaldfee.at\/index.php\/impressum\/\">Weiterlesen <span class=\"screen-reader-text\">Impressum<\/span> <span class=\"meta-nav\" aria-hidden=\"true\">&rarr;<\/span><\/a><\/p>\n","protected":false},"author":1,"featured_media":0,"parent":0,"menu_order":0,"comment_status":"closed","ping_status":"closed","template":"","meta":{"wprm-recipe-roundup-name":"","wprm-recipe-roundup-description":""},"yoast_head":"<!-- This site is optimized with the Yoast SEO plugin v19.4 - https:\/\/yoast.com\/wordpress\/plugins\/seo\/ -->\r\n<title>Impressum &#8902; Wienerwaldfee<\/title>\r\n<meta name=\"description\" content=\"Offenlegung gem\u00e4\u00df \u00a7 25 Mediengesetz\" \/>\r\n<meta name=\"robots\" content=\"index, follow, max-snippet:-1, max-image-preview:large, max-video-preview:-1\" \/>\r\n<link rel=\"canonical\" href=\"https:\/\/wienerwaldfee.at\/index.php\/impressum\/\" \/>\r\n<meta property=\"og:locale\" content=\"de_DE\" \/>\r\n<meta property=\"og:type\" content=\"article\" \/>\r\n<meta property=\"og:title\" content=\"Impressum &#8902; Wienerwaldfee\" \/>\r\n<meta property=\"og:description\" content=\"Offenlegung gem\u00e4\u00df \u00a7 25 Mediengesetz\" \/>\r\n<meta property=\"og:url\" content=\"https:\/\/wienerwaldfee.at\/index.php\/impressum\/\" \/>\r\n<meta property=\"og:site_name\" content=\"Wienerwaldfee\" \/>\r\n<meta property=\"article:modified_time\" content=\"2021-04-02T11:06:14+00:00\" \/>\r\n<meta name=\"twitter:card\" content=\"summary_large_image\" \/>\r\n<meta name=\"twitter:label1\" content=\"Gesch\u00e4tzte Lesezeit\" \/>\n\t<meta name=\"twitter:data1\" content=\"1\u00a0Minute\" \/>\r\n<script type=\"application\/ld+json\" class=\"yoast-schema-graph\">{\"@context\":\"https:\/\/schema.org\",\"@graph\":[{\"@type\":[\"Person\",\"Organization\"],\"@id\":\"https:\/\/wienerwaldfee.at\/#\/schema\/person\/5c36cafcec9cf08c404b8b070feb4e67\",\"name\":\"Wienerwaldfee\",\"image\":{\"@type\":\"ImageObject\",\"inLanguage\":\"de\",\"@id\":\"https:\/\/wienerwaldfee.at\/#\/schema\/person\/image\/\",\"url\":\"https:\/\/wienerwaldfee.at\/wp-content\/uploads\/2022\/01\/cropped-Logo_02.jpg\",\"contentUrl\":\"https:\/\/wienerwaldfee.at\/wp-content\/uploads\/2022\/01\/cropped-Logo_02.jpg\",\"width\":931,\"height\":300,\"caption\":\"Wienerwaldfee\"},\"logo\":{\"@id\":\"https:\/\/wienerwaldfee.at\/#\/schema\/person\/image\/\"},\"sameAs\":[\"https:\/\/wienerwaldfee.at\"]},{\"@type\":\"WebSite\",\"@id\":\"https:\/\/wienerwaldfee.at\/#website\",\"url\":\"https:\/\/wienerwaldfee.at\/\",\"name\":\"Wienerwaldfee\",\"description\":\"\",\"publisher\":{\"@id\":\"https:\/\/wienerwaldfee.at\/#\/schema\/person\/5c36cafcec9cf08c404b8b070feb4e67\"},\"potentialAction\":[{\"@type\":\"SearchAction\",\"target\":{\"@type\":\"EntryPoint\",\"urlTemplate\":\"https:\/\/wienerwaldfee.at\/?s={search_term_string}\"},\"query-input\":\"required name=search_term_string\"}],\"inLanguage\":\"de\"},{\"@type\":\"WebPage\",\"@id\":\"https:\/\/wienerwaldfee.at\/index.php\/impressum\/\",\"url\":\"https:\/\/wienerwaldfee.at\/index.php\/impressum\/\",\"name\":\"Impressum &#8902; Wienerwaldfee\",\"isPartOf\":{\"@id\":\"https:\/\/wienerwaldfee.at\/#website\"},\"datePublished\":\"2021-01-20T18:19:33+00:00\",\"dateModified\":\"2021-04-02T11:06:14+00:00\",\"description\":\"Offenlegung gem\u00e4\u00df \u00a7 25 Mediengesetz\",\"breadcrumb\":{\"@id\":\"https:\/\/wienerwaldfee.at\/index.php\/impressum\/#breadcrumb\"},\"inLanguage\":\"de\",\"potentialAction\":[{\"@type\":\"ReadAction\",\"target\":[\"https:\/\/wienerwaldfee.at\/index.php\/impressum\/\"]}]},{\"@type\":\"BreadcrumbList\",\"@id\":\"https:\/\/wienerwaldfee.at\/index.php\/impressum\/#breadcrumb\",\"itemListElement\":[{\"@type\":\"ListItem\",\"position\":1,\"name\":\"Home\",\"item\":\"https:\/\/wienerwaldfee.at\/\"},{\"@type\":\"ListItem\",\"position\":2,\"name\":\"Impressum\"}]}]}<\/script>\r\n<!-- \/ Yoast SEO plugin. -->","yoast_head_json":{"title":"Impressum &#8902; Wienerwaldfee","description":"Offenlegung gem\u00e4\u00df \u00a7 25 Mediengesetz","robots":{"index":"index","follow":"follow","max-snippet":"max-snippet:-1","max-image-preview":"max-image-preview:large","max-video-preview":"max-video-preview:-1"},"canonical":"https:\/\/wienerwaldfee.at\/index.php\/impressum\/","og_locale":"de_DE","og_type":"article","og_title":"Impressum &#8902; Wienerwaldfee","og_description":"Offenlegung gem\u00e4\u00df \u00a7 25 Mediengesetz","og_url":"https:\/\/wienerwaldfee.at\/index.php\/impressum\/","og_site_name":"Wienerwaldfee","article_modified_time":"2021-04-02T11:06:14+00:00","twitter_card":"summary_large_image","twitter_misc":{"Gesch\u00e4tzte Lesezeit":"1\u00a0Minute"},"schema":{"@context":"https:\/\/schema.org","@graph":[{"@type":["Person","Organization"],"@id":"https:\/\/wienerwaldfee.at\/#\/schema\/person\/5c36cafcec9cf08c404b8b070feb4e67","name":"Wienerwaldfee","image":{"@type":"ImageObject","inLanguage":"de","@id":"https:\/\/wienerwaldfee.at\/#\/schema\/person\/image\/","url":"https:\/\/wienerwaldfee.at\/wp-content\/uploads\/2022\/01\/cropped-Logo_02.jpg","contentUrl":"https:\/\/wienerwaldfee.at\/wp-content\/uploads\/2022\/01\/cropped-Logo_02.jpg","width":931,"height":300,"caption":"Wienerwaldfee"},"logo":{"@id":"https:\/\/wienerwaldfee.at\/#\/schema\/person\/image\/"},"sameAs":["https:\/\/wienerwaldfee.at"]},{"@type":"WebSite","@id":"https:\/\/wienerwaldfee.at\/#website","url":"https:\/\/wienerwaldfee.at\/","name":"Wienerwaldfee","description":"","publisher":{"@id":"https:\/\/wienerwaldfee.at\/#\/schema\/person\/5c36cafcec9cf08c404b8b070feb4e67"},"potentialAction":[{"@type":"SearchAction","target":{"@type":"EntryPoint","urlTemplate":"https:\/\/wienerwaldfee.at\/?s={search_term_string}"},"query-input":"required name=search_term_string"}],"inLanguage":"de"},{"@type":"WebPage","@id":"https:\/\/wienerwaldfee.at\/index.php\/impressum\/","url":"https:\/\/wienerwaldfee.at\/index.php\/impressum\/","name":"Impressum &#8902; Wienerwaldfee","isPartOf":{"@id":"https:\/\/wienerwaldfee.at\/#website"},"datePublished":"2021-01-20T18:19:33+00:00","dateModified":"2021-04-02T11:06:14+00:00","description":"Offenlegung gem\u00e4\u00df \u00a7 25 Mediengesetz","breadcrumb":{"@id":"https:\/\/wienerwaldfee.at\/index.php\/impressum\/#breadcrumb"},"inLanguage":"de","potentialAction":[{"@type":"ReadAction","target":["https:\/\/wienerwaldfee.at\/index.php\/impressum\/"]}]},{"@type":"BreadcrumbList","@id":"https:\/\/wienerwaldfee.at\/index.php\/impressum\/#breadcrumb","itemListElement":[{"@type":"ListItem","position":1,"name":"Home","item":"https:\/\/wienerwaldfee.at\/"},{"@type":"ListItem","position":2,"name":"Impressum"}]}]}},"_links":{"self":[{"href":"https:\/\/wienerwaldfee.at\/index.php\/wp-json\/wp\/v2\/pages\/210"}],"collection":[{"href":"https:\/\/wienerwaldfee.at\/index.php\/wp-json\/wp\/v2\/pages"}],"about":[{"href":"https:\/\/wienerwaldfee.at\/index.php\/wp-json\/wp\/v2\/types\/page"}],"author":[{"embeddable":true,"href":"https:\/\/wienerwaldfee.at\/index.php\/wp-json\/wp\/v2\/users\/1"}],"replies":[{"embeddable":true,"href":"https:\/\/wienerwaldfee.at\/index.php\/wp-json\/wp\/v2\/comments?post=210"}],"version-history":[{"count":3,"href":"https:\/\/wienerwaldfee.at\/index.php\/wp-json\/wp\/v2\/pages\/210\/revisions"}],"predecessor-version":[{"id":257,"href":"https:\/\/wienerwaldfee.at\/index.php\/wp-json\/wp\/v2\/pages\/210\/revisions\/257"}],"wp:attachment":[{"href":"https:\/\/wienerwaldfee.at\/index.php\/wp-json\/wp\/v2\/media?parent=210"}],"curies":[{"name":"wp","href":"https:\/\/api.w.org\/{rel}","templated":true}]}}